{"id":502,"date":"2022-01-27T15:05:03","date_gmt":"2022-01-27T14:05:03","guid":{"rendered":"http:\/\/sylviechartiernaturopathe.com\/?page_id=502"},"modified":"2022-01-27T16:25:12","modified_gmt":"2022-01-27T15:25:12","slug":"seance-de-bougie-auriculaire-hopi","status":"publish","type":"page","link":"https:\/\/sylviechartiernaturopathe.com\/index.php\/seance-de-bougie-auriculaire-hopi\/","title":{"rendered":"S\u00e9ance de bougie auriculaire Hopi\u00ae"},"content":{"rendered":"\t\t<div data-elementor-type=\"wp-page\" data-elementor-id=\"502\" class=\"elementor elementor-502\">\n\t\t\t\t\t\t\t\t\t<section class=\"elementor-section elementor-top-section elementor-element elementor-element-b27f0de elementor-section-boxed elementor-section-height-default elementor-section-height-default\" data-id=\"b27f0de\" data-element_type=\"section\">\n\t\t\t\t\t\t<div class=\"elementor-container elementor-column-gap-default\">\n\t\t\t\t\t<div class=\"elementor-column elementor-col-100 elementor-top-column elementor-element elementor-element-41ce6bd2\" data-id=\"41ce6bd2\" data-element_type=\"column\">\n\t\t\t<div class=\"elementor-widget-wrap elementor-element-populated\">\n\t\t\t\t\t\t\t\t<div class=\"elementor-element elementor-element-5006d502 elementor-widget elementor-widget-text-editor\" data-id=\"5006d502\" data-element_type=\"widget\" data-widget_type=\"text-editor.default\">\n\t\t\t\t<div class=\"elementor-widget-container\">\n\t\t\t\t\t\t\t<h3>Pour une relaxation profonde et fascinante<\/h3>\n<p>Autrefois les indiens Hopi<em>\u00ae&nbsp;<\/em>utilisaient les Bougies d\u2019oreille, cette technique ancestrale, pour se r\u00e9g\u00e9n\u00e9rer.<\/p>\n<p><img loading=\"lazy\" decoding=\"async\" class=\"alignnone wp-image-429\" src=\"http:\/\/sylviechartiernaturopathe.com\/wp-content\/uploads\/2022\/01\/bougie-doreille-300x200.jpg\" alt=\"\" width=\"369\" height=\"246\" srcset=\"https:\/\/sylviechartiernaturopathe.com\/wp-content\/uploads\/2022\/01\/bougie-doreille-300x200.jpg 300w, https:\/\/sylviechartiernaturopathe.com\/wp-content\/uploads\/2022\/01\/bougie-doreille-90x60.jpg 90w, https:\/\/sylviechartiernaturopathe.com\/wp-content\/uploads\/2022\/01\/bougie-doreille-420x280.jpg 420w, https:\/\/sylviechartiernaturopathe.com\/wp-content\/uploads\/2022\/01\/bougie-doreille-600x400.jpg 600w, https:\/\/sylviechartiernaturopathe.com\/wp-content\/uploads\/2022\/01\/bougie-doreille.jpg 612w\" sizes=\"auto, (max-width: 369px) 100vw, 369px\" \/><\/p>\n<p><strong>Comment \u00e7a marche ?<\/strong><\/p>\n<p>En br\u00fblant, la bougie auriculaire a deux effets sur votre conduit auditif :<\/p>\n<ul>\n<li>gr\u00e2ce \u00e0 la chaleur qui p\u00e9n\u00e8tre dans l\u2019oreille, l\u2019irrigation sanguine est stimul\u00e9e, et le ramollissement du c\u00e9rumen est favoris\u00e9.<\/li>\n<li>la remont\u00e9e d\u2019air chaud que la bougie provoque permet de cr\u00e9er un \u00ab effet chemin\u00e9e : une aspiration \u00e0 la base du c\u00f4ne : les impuret\u00e9s et les d\u00e9p\u00f4ts pr\u00e9sents dans le canal auriculaire sont alors \u00e9limin\u00e9s.<\/li>\n<\/ul>\n<p>La bougie auriculaire poss\u00e8de \u00e9galement d\u2019autres avantages : elle r\u00e9active la respiration cutan\u00e9e, et r\u00e9tablit la tension correcte du tympan qui peut \u00eatre mise \u00e0 mal par des variations de pression (s\u00e9jour en montagne, voyage en avion, pratique de la plong\u00e9e\u2026).<\/p>\n<p>&nbsp;<\/p>\n<p><strong>Source de bien-\u00eatre et de relaxation<\/strong><\/p>\n<p>Appr\u00e9ciez avant tout, le bien-\u00eatre que procure une s\u00e9ance de Bougies Hopi\u00ae. Vous vous sentez envahi par une chaleur bienfaisante et voluptueuse. Comme si le gr\u00e9sillement des Bougies d\u2019oreille vous rendait plus l\u00e9ger, serein, apais\u00e9\u2026<\/p>\n<p>&nbsp;<\/p>\n<p><strong>Pour l\u2019hygi\u00e8ne de vos oreilles<\/strong><\/p>\n<p>Vous d\u00e9barrassent vite fait des impuret\u00e9s.&nbsp;L\u2019action \u00e9molliente et calorique sur le c\u00e9rumen, contribue au nettoyage en profondeur.&nbsp;En fin de s\u00e9ance, en d\u00e9coupant une bougie, vous verrez parfois les impuret\u00e9s jaunes.<\/p>\n<p>&nbsp;<\/p>\n<p><strong>Fr\u00e9quence<\/strong><\/p>\n<p>Les bougies Hopi\u00ae sont faciles \u00e0 appliquer mais afin d\u2019obtenir des r\u00e9sultats sensibles, il est recommand\u00e9 de r\u00e9p\u00e9ter l\u2019application une fois par semaine durant trois semaines.<\/p>\n<p>En entretien : selon les besoins d\u00e9termin\u00e9s par la pr\u00e9sence de bouchons de c\u00e9rumen ou d\u2019impuret\u00e9s.<\/p>\n<p>En pr\u00e9vention : une application par mois ou aux changements de saison.<\/p>\n<p>&nbsp;<\/p>\n<p><strong>Pr\u00e9cautions<\/strong><\/p>\n<p>Elle est d\u00e9conseill\u00e9e lors de perforation du tympan, de chirurgie auriculaire r\u00e9cente, de paracent\u00e8se.<\/p>\n<p>Elle s\u2019emploie en usage externe et en aucun cas elle ne remplacera un traitement m\u00e9dical ou ne dispensera de consulter un m\u00e9decin ORL.<\/p>\n<p>&nbsp;<\/p>\n<hr>\n<p><strong>Consultation de bougie Hopi\u00ae :<\/strong><\/p>\n\n<table id=\"tablepress-5\" class=\"tablepress tablepress-id-5\">\n<tbody class=\"row-hover\">\n<tr class=\"row-1 odd\">\n\t<td class=\"column-1\">S\u00e9ance<\/td><td class=\"column-2\">30mns<\/td><td class=\"column-3\">30\u20ac<\/td>\n<\/tr>\n<tr class=\"row-2 even\">\n\t<td class=\"column-1\">Forfait<\/td><td class=\"column-2\">3 s\u00e9ances<\/td><td class=\"column-3\">75\u20ac<\/td>\n<\/tr>\n<tr class=\"row-3 odd\">\n\t<td class=\"column-1\">Forfait<\/td><td class=\"column-2\">5 s\u00e9ances<\/td><td class=\"column-3\">100\u20ac<\/td>\n<\/tr>\n<\/tbody>\n<\/table>\n<!-- #tablepress-5 from cache -->\t\t\t\t\t\t<\/div>\n\t\t\t\t<\/div>\n\t\t\t\t\t<\/div>\n\t\t<\/div>\n\t\t\t\t\t\t\t<\/div>\n\t\t<\/section>\n\t\t\t\t\t\t\t<\/div>\n\t\t","protected":false},"excerpt":{"rendered":"<p>Pour une relaxation profonde et fascinante Autrefois les indiens Hopi\u00ae&nbsp;utilisaient les Bougies d\u2019oreille, cette technique ancestrale, pour se r\u00e9g\u00e9n\u00e9rer. Comment \u00e7a marche ? En br\u00fblant, &hellip; <\/p>\n","protected":false},"author":1,"featured_media":0,"parent":0,"menu_order":0,"comment_status":"closed","ping_status":"closed","template":"","meta":{"footnotes":""},"class_list":["post-502","page","type-page","status-publish","hentry"],"_links":{"self":[{"href":"https:\/\/sylviechartiernaturopathe.com\/index.php\/wp-json\/wp\/v2\/pages\/502","targetHints":{"allow":["GET"]}}],"collection":[{"href":"https:\/\/sylviechartiernaturopathe.com\/index.php\/wp-json\/wp\/v2\/pages"}],"about":[{"href":"https:\/\/sylviechartiernaturopathe.com\/index.php\/wp-json\/wp\/v2\/types\/page"}],"author":[{"embeddable":true,"href":"https:\/\/sylviechartiernaturopathe.com\/index.php\/wp-json\/wp\/v2\/users\/1"}],"replies":[{"embeddable":true,"href":"https:\/\/sylviechartiernaturopathe.com\/index.php\/wp-json\/wp\/v2\/comments?post=502"}],"version-history":[{"count":8,"href":"https:\/\/sylviechartiernaturopathe.com\/index.php\/wp-json\/wp\/v2\/pages\/502\/revisions"}],"predecessor-version":[{"id":583,"href":"https:\/\/sylviechartiernaturopathe.com\/index.php\/wp-json\/wp\/v2\/pages\/502\/revisions\/583"}],"wp:attachment":[{"href":"https:\/\/sylviechartiernaturopathe.com\/index.php\/wp-json\/wp\/v2\/media?parent=502"}],"curies":[{"name":"wp","href":"https:\/\/api.w.org\/{rel}","templated":true}]}}