{"id":408,"date":"2022-01-17T11:21:06","date_gmt":"2022-01-17T10:21:06","guid":{"rendered":"http:\/\/sylviechartiernaturopathe.com\/?page_id=408"},"modified":"2025-10-28T15:04:43","modified_gmt":"2025-10-28T14:04:43","slug":"qui-suis-je","status":"publish","type":"page","link":"https:\/\/sylviechartiernaturopathe.com\/index.php\/qui-suis-je\/","title":{"rendered":"Qui suis-je ?"},"content":{"rendered":"\t\t<div data-elementor-type=\"wp-page\" data-elementor-id=\"408\" class=\"elementor elementor-408\">\n\t\t\t\t\t\t\t\t\t<section class=\"elementor-section elementor-top-section elementor-element elementor-element-3e92bb03 elementor-section-boxed elementor-section-height-default elementor-section-height-default\" data-id=\"3e92bb03\" data-element_type=\"section\">\n\t\t\t\t\t\t<div class=\"elementor-container elementor-column-gap-default\">\n\t\t\t\t\t<div class=\"elementor-column elementor-col-100 elementor-top-column elementor-element elementor-element-75a3f5f0\" data-id=\"75a3f5f0\" data-element_type=\"column\">\n\t\t\t<div class=\"elementor-widget-wrap elementor-element-populated\">\n\t\t\t\t\t\t\t\t<div class=\"elementor-element elementor-element-3cef60c2 elementor-widget elementor-widget-text-editor\" data-id=\"3cef60c2\" data-element_type=\"widget\" data-widget_type=\"text-editor.default\">\n\t\t\t\t<div class=\"elementor-widget-container\">\n\t\t\t\t\t\t\t<p>Je suis Sylvie Chartier-Pollet , heureuse d\u2019\u00eatre fille du terroir, je reviens aux sources apr\u00e8s quelques ann\u00e9es pass\u00e9es \u00e0 vivre \u00ab \u00e0 100 \u00e0 l\u2019heure \u00bb, travail, transport, dodo&#8230; En 2005, j\u2019ai d\u00e9cid\u00e9 de dire stop et de me reconnecter \u00e0 l\u2019essentiel, \u00e0 la nature, notre Terre M\u00e8re.<\/p><p>Naturellement , je me forme \u00e0 la naturopathie \u00ab chemin de la sant\u00e9 \u00bb. En 2014 j\u2019 obtiens mon dipl\u00f4me de naturopathie niveau conseiller de sant\u00e9 de l\u2019AEMN (Acad\u00e9mie Europ\u00e9enne des M\u00e9decines Naturelles).<\/p><p>Je d\u00e9veloppe en m\u00eame temps mon magn\u00e9tisme, (cette sensibilit\u00e9 que j\u2019ai apprivois\u00e9e depuis mon enfance) et propose des s\u00e9ances d\u2019accompagnement en tenant compte de la globalit\u00e9 de chacun dans toutes les dimensions de son \u00eatre : le corps, le c\u0153ur et l\u2019esprit. Pour cela j\u2019utilise mes comp\u00e9tences, mes connaissances et mon intuition. Ainsi je vous accompagne dans votre cheminement personnel.<\/p><p>2020, je me forme au Massage Amma Assis \u00ab Calmer par le toucher \u00bb. C\u2019est une approche globale de pr\u00e9vention, de traitement et de relaxation. Son effet apaisant et \u00e9nergisant convient \u00e0 un tr\u00e8s large public. Il peut, entre autres, contribuer \u00e0 diminuer l&rsquo;excitabilit\u00e9 nerveuse, \u00e0 soulager du stress et il entra\u00eene un \u00e9tat de bien-\u00eatre g\u00e9n\u00e9ral.<\/p><p>2024, j&rsquo;\u00e9largie ma gamme de soin avec le massage Drainage Lymphatique (m\u00e9thode Vodder). Une technique manuelle pour d\u00e9toxifier le corps, stimuler la r\u00e9ponse immunitaire, r\u00e9duire la r\u00e9tention d&rsquo;eau et favoriser la relaxation.<\/p><p>2025, toujours en constante transformation et \u00e9volution, de\u00a0 nouvelles pratiques intuitives s&rsquo;invitent dans mes s\u00e9ances pour vous aidez \u00e0 changer vos vibrations.<\/p><p>Comme une boite \u00e0 outils, j&rsquo;utilise ces pratiques en fonctions de vos besoins du moment, ainsi vous acc\u00e9dez \u00e0 votre rythme \u00e0\u00a0 votre plus belle\u00a0 version de votre \u00eatre.<\/p><p>Merci \u00e0 toutes les belle \u00e2mes qui ont crois\u00e9es mon chemin et je me r\u00e9jouis pour les nouvelles rencontres \u00e0 venir.<\/p><p>\u2665 Avec bienveillance Sylvie \u2665<\/p>\t\t\t\t\t\t<\/div>\n\t\t\t\t<\/div>\n\t\t\t\t\t<\/div>\n\t\t<\/div>\n\t\t\t\t\t\t\t<\/div>\n\t\t<\/section>\n\t\t\t\t\t\t\t<\/div>\n\t\t","protected":false},"excerpt":{"rendered":"<p>Je suis Sylvie Chartier-Pollet , heureuse d\u2019\u00eatre fille du terroir, je reviens aux sources apr\u00e8s quelques ann\u00e9es pass\u00e9es \u00e0 vivre \u00ab \u00e0 100 \u00e0 l\u2019heure &hellip; <\/p>\n","protected":false},"author":1,"featured_media":0,"parent":0,"menu_order":0,"comment_status":"closed","ping_status":"closed","template":"","meta":{"footnotes":""},"class_list":["post-408","page","type-page","status-publish","hentry"],"_links":{"self":[{"href":"https:\/\/sylviechartiernaturopathe.com\/index.php\/wp-json\/wp\/v2\/pages\/408","targetHints":{"allow":["GET"]}}],"collection":[{"href":"https:\/\/sylviechartiernaturopathe.com\/index.php\/wp-json\/wp\/v2\/pages"}],"about":[{"href":"https:\/\/sylviechartiernaturopathe.com\/index.php\/wp-json\/wp\/v2\/types\/page"}],"author":[{"embeddable":true,"href":"https:\/\/sylviechartiernaturopathe.com\/index.php\/wp-json\/wp\/v2\/users\/1"}],"replies":[{"embeddable":true,"href":"https:\/\/sylviechartiernaturopathe.com\/index.php\/wp-json\/wp\/v2\/comments?post=408"}],"version-history":[{"count":25,"href":"https:\/\/sylviechartiernaturopathe.com\/index.php\/wp-json\/wp\/v2\/pages\/408\/revisions"}],"predecessor-version":[{"id":1077,"href":"https:\/\/sylviechartiernaturopathe.com\/index.php\/wp-json\/wp\/v2\/pages\/408\/revisions\/1077"}],"wp:attachment":[{"href":"https:\/\/sylviechartiernaturopathe.com\/index.php\/wp-json\/wp\/v2\/media?parent=408"}],"curies":[{"name":"wp","href":"https:\/\/api.w.org\/{rel}","templated":true}]}}