{"id":364,"date":"2022-01-17T10:32:01","date_gmt":"2022-01-17T09:32:01","guid":{"rendered":"http:\/\/sylviechartiernaturopathe.com\/?page_id=364"},"modified":"2022-01-27T16:21:12","modified_gmt":"2022-01-27T15:21:12","slug":"magnetisme-2","status":"publish","type":"page","link":"https:\/\/sylviechartiernaturopathe.com\/index.php\/magnetisme-2\/","title":{"rendered":"Magn\u00e9tisme"},"content":{"rendered":"\t\t<div data-elementor-type=\"wp-page\" data-elementor-id=\"364\" class=\"elementor elementor-364\">\n\t\t\t\t\t\t\t\t\t<section class=\"elementor-section elementor-top-section elementor-element elementor-element-3eac2cf1 elementor-section-boxed elementor-section-height-default elementor-section-height-default\" data-id=\"3eac2cf1\" data-element_type=\"section\">\n\t\t\t\t\t\t<div class=\"elementor-container elementor-column-gap-default\">\n\t\t\t\t\t<div class=\"elementor-column elementor-col-100 elementor-top-column elementor-element elementor-element-6ebfc810\" data-id=\"6ebfc810\" data-element_type=\"column\">\n\t\t\t<div class=\"elementor-widget-wrap elementor-element-populated\">\n\t\t\t\t\t\t\t\t<div class=\"elementor-element elementor-element-683be841 elementor-widget elementor-widget-text-editor\" data-id=\"683be841\" data-element_type=\"widget\" data-widget_type=\"text-editor.default\">\n\t\t\t\t<div class=\"elementor-widget-container\">\n\t\t\t\t\t\t\t<p><em>La th\u00e9rapie \u00e9nerg\u00e9tique comme les soins \u00e9nerg\u00e9tiques ne constituent pas un acte m\u00e9dical. Elle ne dispense pas de consulter votre m\u00e9decin. Elle ne remplace pas ni n\u2019interrompt un traitement ou un suivi m\u00e9dical en cours.<\/em><\/p>\n<p><img loading=\"lazy\" decoding=\"async\" class=\" wp-image-451\" src=\"http:\/\/sylviechartiernaturopathe.com\/wp-content\/uploads\/2022\/01\/sinuolidale-612x612-1-300x200.jpg\" alt=\"\" width=\"404\" height=\"269\" srcset=\"https:\/\/sylviechartiernaturopathe.com\/wp-content\/uploads\/2022\/01\/sinuolidale-612x612-1-300x200.jpg 300w, https:\/\/sylviechartiernaturopathe.com\/wp-content\/uploads\/2022\/01\/sinuolidale-612x612-1-90x60.jpg 90w, https:\/\/sylviechartiernaturopathe.com\/wp-content\/uploads\/2022\/01\/sinuolidale-612x612-1-420x280.jpg 420w, https:\/\/sylviechartiernaturopathe.com\/wp-content\/uploads\/2022\/01\/sinuolidale-612x612-1-600x400.jpg 600w, https:\/\/sylviechartiernaturopathe.com\/wp-content\/uploads\/2022\/01\/sinuolidale-612x612-1.jpg 612w\" sizes=\"auto, (max-width: 404px) 100vw, 404px\" \/><\/p>\n<p>Je vous accompagne en marge de vos traitements en chimioth\u00e9rapie, radioth\u00e9rapie afin d\u2019att\u00e9nuer leurs effets secondaires.<\/p>\n<p>Le magn\u00e9tiseur est un praticien du magn\u00e9tisme appartenant aux th\u00e9rapies \u00e9nerg\u00e9tiques. Il transmet l\u2019\u00e9nergie magn\u00e9tique destin\u00e9e \u00e0 r\u00e9tablir l\u2019harmonie, r\u00e9\u00e9quilibrer le corps, l\u2019\u00e2me et l\u2019esprit.<\/p>\n<p>Tout \u00eatre vivant poss\u00e8de du magn\u00e9tisme sans en avoir conscience ou sans savoir s\u2019en servir. Le magn\u00e9tiseur est la personne qui a pris conscience de poss\u00e9der ce magn\u00e9tisme, a acquis de l\u2019exp\u00e9rience avec, s\u2019est form\u00e9 aux th\u00e9rapies \u00e9nerg\u00e9tiques pour mieux l\u2019appr\u00e9hender et s\u2019en servir. Il poss\u00e8de une sensibilit\u00e9 qui lui permet de d\u00e9velopper ce que certain appelle \u00ab un don \u00bb.<\/p>\n<hr>\n<p><strong>Accompagnement traitements Chimioth\u00e9rapie \/ Radioth\u00e9rapie<\/strong><\/p>\n\n<table id=\"tablepress-6\" class=\"tablepress tablepress-id-6\">\n<tbody class=\"row-hover\">\n<tr class=\"row-1 odd\">\n\t<td class=\"column-1\">1\u00e8re s\u00e9ance en pr\u00e9sentielle<\/td><td class=\"column-2\">1h<\/td><td class=\"column-3\">45\u20ac<\/td>\n<\/tr>\n<tr class=\"row-2 even\">\n\t<td class=\"column-1\">S\u00e9ances suivantes \u00e0 distance<\/td><td class=\"column-2\">5 s\u00e9ances<\/td><td class=\"column-3\">200\u20ac<\/td>\n<\/tr>\n<\/tbody>\n<\/table>\n<!-- #tablepress-6 from cache -->\t\t\t\t\t\t<\/div>\n\t\t\t\t<\/div>\n\t\t\t\t\t<\/div>\n\t\t<\/div>\n\t\t\t\t\t\t\t<\/div>\n\t\t<\/section>\n\t\t\t\t\t\t\t<\/div>\n\t\t","protected":false},"excerpt":{"rendered":"<p>La th\u00e9rapie \u00e9nerg\u00e9tique comme les soins \u00e9nerg\u00e9tiques ne constituent pas un acte m\u00e9dical. Elle ne dispense pas de consulter votre m\u00e9decin. Elle ne remplace pas &hellip; <\/p>\n","protected":false},"author":1,"featured_media":0,"parent":0,"menu_order":0,"comment_status":"closed","ping_status":"closed","template":"","meta":{"footnotes":""},"class_list":["post-364","page","type-page","status-publish","hentry"],"_links":{"self":[{"href":"https:\/\/sylviechartiernaturopathe.com\/index.php\/wp-json\/wp\/v2\/pages\/364","targetHints":{"allow":["GET"]}}],"collection":[{"href":"https:\/\/sylviechartiernaturopathe.com\/index.php\/wp-json\/wp\/v2\/pages"}],"about":[{"href":"https:\/\/sylviechartiernaturopathe.com\/index.php\/wp-json\/wp\/v2\/types\/page"}],"author":[{"embeddable":true,"href":"https:\/\/sylviechartiernaturopathe.com\/index.php\/wp-json\/wp\/v2\/users\/1"}],"replies":[{"embeddable":true,"href":"https:\/\/sylviechartiernaturopathe.com\/index.php\/wp-json\/wp\/v2\/comments?post=364"}],"version-history":[{"count":25,"href":"https:\/\/sylviechartiernaturopathe.com\/index.php\/wp-json\/wp\/v2\/pages\/364\/revisions"}],"predecessor-version":[{"id":580,"href":"https:\/\/sylviechartiernaturopathe.com\/index.php\/wp-json\/wp\/v2\/pages\/364\/revisions\/580"}],"wp:attachment":[{"href":"https:\/\/sylviechartiernaturopathe.com\/index.php\/wp-json\/wp\/v2\/media?parent=364"}],"curies":[{"name":"wp","href":"https:\/\/api.w.org\/{rel}","templated":true}]}}